{"id":394,"date":"2023-02-08T17:56:11","date_gmt":"2023-02-08T16:56:11","guid":{"rendered":"https:\/\/www.lamandala.at\/?page_id=394"},"modified":"2026-03-20T16:08:23","modified_gmt":"2026-03-20T15:08:23","slug":"la-manda-schreibt","status":"publish","type":"page","link":"https:\/\/www.lamandala.at\/?page_id=394","title":{"rendered":"La Manda schreibt"},"content":{"rendered":"\n<p>Liebe Freunde des geschriebenen Wortes bitte seid gewarnt &#8211; im Gegenteil zu meiner Malerei ist diese Geschichte kein Sonnenbad&#8230; nur etwas f\u00fcr wahre Fans des Psychothriller-Genres! Da ist sie also, meine dunkle Seite &#8211; genau wie in meiner leuchtenden Kunstwelt &#8211; alles hat zwei Seiten, wo Licht da auch Schatten.<\/p>\n\n\n\n<div class=\"wp-block-columns is-layout-flex wp-container-core-columns-is-layout-1 wp-block-columns-is-layout-flex\">\n<div class=\"wp-block-column is-layout-flow wp-block-column-is-layout-flow\">\n<figure class=\"wp-block-image size-full is-resized\"><img loading=\"lazy\" decoding=\"async\" width=\"321\" height=\"450\" src=\"https:\/\/www.lamandala.at\/wp-content\/uploads\/2023\/02\/IMG_3864_.jpg\" alt=\"\" class=\"wp-image-395\" style=\"width:367px;height:514px\" srcset=\"https:\/\/www.lamandala.at\/wp-content\/uploads\/2023\/02\/IMG_3864_.jpg 321w, https:\/\/www.lamandala.at\/wp-content\/uploads\/2023\/02\/IMG_3864_-214x300.jpg 214w\" sizes=\"auto, (max-width: 321px) 100vw, 321px\" \/><figcaption class=\"wp-element-caption\">25,- inklusive Versand<\/figcaption><\/figure>\n\n\n\n<h3 class=\"wp-block-heading has-text-align-center has-small-font-size\" id=\"wnd_TextBlock_93956_inner_0\" style=\"font-style:italic;font-weight:400;text-transform:none\">Mit unver\u00f6ffentlichten Illustrationen der Autorin. Die Bilder aus meinen B\u00fcchern sind den Lesern vorbehalten.<\/h3>\n<\/div>\n\n\n\n<div class=\"wp-block-column is-layout-flow wp-block-column-is-layout-flow\">\n<p class=\"has-text-align-center\"><strong>Ein Teil von mir geht mit dir<\/strong><\/p>\n\n\n\n<p class=\"has-text-align-center\">Kim ertr\u00e4gt das Warten auf ihren Freund Max nicht l\u00e4nger. Mit ihrem treuen Sch\u00e4ferhund begibt sie sich fest entschlossen auf eine rasante, von Angst gezeichnete, Hetzjagd. Einzig der lebensfrohe Dorfpolizist Georg Krimm, der ihr mit seinem sonnigen Gem\u00fct so seltsam vertraut scheint, weicht nicht von ihrer Seite und st\u00f6\u00dft im Kampf gegen die K\u00e4lte und Kims hartn\u00e4ckige Widersacher immer wieder an seine Grenzen. Zusammen f\u00fchrt sie die Suche diese endlos scheinende Stra\u00dfe entlang, die sich einsam und zeitlos in der eiskalten nieder\u00f6sterreichischen Landschaft verliert.<\/p>\n\n\n\n<p class=\"has-text-align-center\">Wo ist Max und wie viele Tote muss Kim noch auf der Stra\u00dfe hinter sich lassen?<\/p>\n<\/div>\n<\/div>\n","protected":false},"excerpt":{"rendered":"<p>Liebe Freunde des geschriebenen Wortes bitte seid gewarnt &#8211; im Gegenteil zu meiner Malerei ist diese Geschichte kein Sonnenbad&#8230; nur etwas f\u00fcr wahre Fans des Psychothriller-Genres! Da ist sie also, meine dunkle Seite &#8211; genau wie in meiner leuchtenden Kunstwelt &#8211; alles hat zwei Seiten, wo Licht da auch Schatten. Mit unver\u00f6ffentlichten Illustrationen der Autorin. &hellip; <\/p>\n<p class=\"link-more\"><a href=\"https:\/\/www.lamandala.at\/?page_id=394\" class=\"more-link\">Continue reading<span class=\"screen-reader-text\"> &#8220;La Manda schreibt&#8221;<\/span><\/a><\/p>\n","protected":false},"author":1,"featured_media":0,"parent":0,"menu_order":0,"comment_status":"closed","ping_status":"closed","template":"","meta":{"_eb_attr":"","footnotes":""},"class_list":["post-394","page","type-page","status-publish","hentry"],"_links":{"self":[{"href":"https:\/\/www.lamandala.at\/index.php?rest_route=\/wp\/v2\/pages\/394","targetHints":{"allow":["GET"]}}],"collection":[{"href":"https:\/\/www.lamandala.at\/index.php?rest_route=\/wp\/v2\/pages"}],"about":[{"href":"https:\/\/www.lamandala.at\/index.php?rest_route=\/wp\/v2\/types\/page"}],"author":[{"embeddable":true,"href":"https:\/\/www.lamandala.at\/index.php?rest_route=\/wp\/v2\/users\/1"}],"replies":[{"embeddable":true,"href":"https:\/\/www.lamandala.at\/index.php?rest_route=%2Fwp%2Fv2%2Fcomments&post=394"}],"version-history":[{"count":8,"href":"https:\/\/www.lamandala.at\/index.php?rest_route=\/wp\/v2\/pages\/394\/revisions"}],"predecessor-version":[{"id":2755,"href":"https:\/\/www.lamandala.at\/index.php?rest_route=\/wp\/v2\/pages\/394\/revisions\/2755"}],"wp:attachment":[{"href":"https:\/\/www.lamandala.at\/index.php?rest_route=%2Fwp%2Fv2%2Fmedia&parent=394"}],"curies":[{"name":"wp","href":"https:\/\/api.w.org\/{rel}","templated":true}]}}